he tens digit of 669749?
4
What is the units digit of 101734?
4
What is the tens digit of 976327?
2
What is the ten thousands digit of 899038?
9
What is the units digit of 131742?
2
What is the millions digit of 1686236?
1
What is the thousands digit of 924061?
4
What is the millions digit of 43143886?
3
What is the thousands digit of 631028?
1
What is the thousands digit of 9889503?
9
What is the ten thousands digit of 365096?
6
What is the thousands digit of 7527?
7
What is the hundred thousands digit of 4192570?
1
What is the hundred thousands digit of 7968794?
9
What is the hundred thousands digit of 310879?
3
What is the units digit of 550076?
6
What is the tens digit of 1519082?
8
What is the ten thousands digit of 90903?
9
What is the tens digit of 4700527?
2
What is the ten thousands digit of 166245?
6
What is the thousands digit of 31898149?
8
What is the ten thousands digit of 14277152?
7
What is the thousands digit of 3061637?
1
What is the tens digit of 256402?
0
What is the ten thousands digit of 193384?
9
What is the millions digit of 2522974?
2
What is the hundred thousands digit of 633697?
6
What is the tens digit of 479759?
5
What is the ten thousands digit of 1107183?
0
What is the ten thousands digit of 148856?
4
What is the ten thousands digit of 31497?
3
What is the ten thousands digit of 696878?
9
What is the ten thousands digit of 1098689?
9
What is the hundreds digit of 191931?
9
What is the tens digit of 838012?
1
What is the thousands digit of 1584228?
4
What is the hundred thousands digit of 669269?
6
What is the millions digit of 4249681?
4
What is the units digit of 1631330?
0
What is the units digit of 7390482?
2
What is the thousands digit of 504946?
4
What is the ten thousands digit of 37994?
3
What is the hundred thousands digit of 8866678?
8
What is the units digit of 239779?
9
What is the units digit of 267411?
1
What is the ten thousands digit of 21191290?
9
What is the ten thousands digit of 82372?
8
What is the units digit of 645044?
4
What is the units digit of 123890?
0
What is the thousands digit of 28930?
8
What is the thousands digit of 198314?
8
What is the ten thousands digit of 355193?
5
What is the units digit of 241954?
4
What is the ten thousands digit of 84634?
8
What is the tens digit of 1688387?
8
What is the tens digit of 13711860?
6
What is the tens digit of 31049?
4
What is the units digit of 78444?
4
What is the thousands digit of 3969367?
9
What is the ten thousands digit of 257191?
5
What is the hundred thousands digit of 560154?
5
What is the hundred thousands digit of 7720385?
7
What is the hundreds digit of 409297?
2
What is the hundreds digit of 60052?
0
What is the tens digit of 1745012?
1
What is the hundreds digit of 1434908?
9
What is the hundred thousands digit of 4050005?
0
What is the ten thousands digit of 123574?
2
What is the units digit of 7842167?
7
What is the hundreds digit of 1614950?
9
What is the ten thousands digit of 969574?
6
What is the hundred thousands digit of 3500421?
5
What is the millions digit of 1212966?
1
What is the tens digit of 81507?
0
What is the hundreds digit of 3714761?
7
What is the hundred thousands digit of 514843?
5
What is the thousands digit of 242170?
2
What is the units digit of 1190243?
3
What is the hundred thousands digit of 2066670?
0
What is the tens digit of 3933772?
7
What is the hundreds digit of 996673?
6
What is the thousands digit of 251397?
1
What is the hundreds digit of 6913892?
8
What is the millions digit of 1232544?
1
What is the hundred thousands digit of 158426?
1
What is the units digit of 450954?
4
What is the thousands digit of 802152?
2
What is the hundreds digit of 938245?
2
What is the thousands digit of 704030?
4
What is the hundred thousands digit of 686055?
6
What is the units digit of 1314146?
6
What is the ten thousands digit of 266333?
6
What is the thousands digit of 58177?
8
What is the hundred thousands digit of 2967670?
9
What is the units digit of 5356357?
7
What is the thousands digit of 923740?
3
What is the units digit of 35814?
4
What is the hundreds digit of 19797676?
6
What is the hundred thousands digit of 218993?
2
What is the ten thousands digit of 11396618?
9
What is the ten thousands digit of 12653714?
5
What is the tens digit of 26074?
7
What is the millions digit of 2021390?
2
What is the hundred thousands digit of 10086658?
0
What is the thousands digit of 1492450?
2
What is the units digit of 79353?
3
What is the ten thousands digit of 2132417?
3
What is the units digit of 3615?
5
What is the hundreds digit of 9572589?
5
What is the thousands digit of 2551167?
1
What is the tens digit of 96467?
6
What is the thousands digit of 783056?
3
What is the units digit of 126565?
5
What is the thousands digit of 6510726?
0
What is the units digit of 1496087?
7
What is the hundred thousands digit of 307920?
3
What is the tens digit of 498892?
9
What is the tens digit of 3615339?
3
What is the thousands digit of 2760032?
0
What is the hundreds digit of 362326?
3
What is the thousands digit of 2211029?
1
What is the hundred thousands digit of 21641347?
6
What is the units digit of 1777732?
2
What is the thousands digit of 74901?
4
What is the hundred thousands digit of 171480?
1
What is the ten thousands digit of 75021?
7
What is the tens digit of 19761407?
0
What is the hundred thousands digit of 660121?
6
What is the tens digit of 14353554?
5
What is the thousands digit of 396361?
6
What is the millions digit of 3618567?
3
What is the hundreds digit of 30766?
7
What is the millions digit of 7114390?
7
What is the tens digit of 24835177?
7
What is the ten thousands digit of 2456140?
5
What is the thousands digit of 1049717?
9
What is the hundred thousands digit of 114383?
1
What is the hundreds digit of 105964?
9
What is the tens digit of 214776?
7
What is the hundreds digit of 171978?
9
What is the thousands digit of 218936?
8
What is the hundred thousands digit of 3035454?
0
What is the ten thousands digit of 10830026?
3
What is the thousands digit of 4488283?
8
What is the hundreds digit of 1247255?
2
What is the thousands digit of 19118?
9
What is the thousands digit of 247086?
7
What is the thousands digit of 802656?
2
What is the units digit of 62414?
4
What is the hundred thousands digit of 1671218?
6
What is the thousands digit of 149674?
9
What is the tens digit of 149810?
1
What is the millions digit of 15489553?
5
What is the hundred thousands digit of 5413429?
4
What is the hundred thousands digit of 804612?
8
What is the ten thousands digit of 316373?
1
What is the ten thousands digit of 1758991?
5
What is the hundred thousands digit of 559913?
5
What is the thousands digit of 162918?
2
What is the thousands digit of 3310140?
0
What is the tens digit of 120515?
1
What is the units digit of 3231726?
6
What is the ten thousands digit of 384506?
8
What is the thousands digit of 191592?
1
What is the hundreds digit of 29817473?
4
What is the tens digit of 1007922?
2
What is the hundred thousands digit of 1927192?
9
What is the units digit of 14740143?
3
What is the hundred thousands digit of 1496018?
4
What is the thousands digit of 973748?
3
What is the tens digit of 8125044?
4
What is the tens digit of 103772?
7
What is the hundred thousands digit of 5994773?
9
What is the thousands digit of 23340206?
0
What is the millions digit of 8271955?
8
What is the hundreds digit of 8959049?
0
What is the thousands digit of 137701?
7
What is the hundreds digit of 17791876?
8
What is the ten thousands digit of 464821?
6
What is the ten millions digit of 22533830?
2
What is the units digit of 1558713?
3
What is the ten thousands digit of 4329366?
2
What is the hundred thousands digit of 517399?
5
What is the units digit of 48255?
5
What is the units digit of 450704?
4
What is the thousands digit of 4506279?
6
What is the tens digit of 238523?
2
What is the hundreds digit of 3308566?
5
What is the units digit of 831012?
2
What is the tens digit of 755721?
2
What is the ten thousands digit of 3989924?
8
What is the hundreds digit of 4890423?
4
What is the millions digit of 1536654?
1
What is the units digit of 128543?
3
What is the units digit of 5942792?
2
What is the hundred thousands digit of 